{"id":547,"date":"2019-08-25T21:16:23","date_gmt":"2019-08-25T13:16:23","guid":{"rendered":"https:\/\/www.mojielong.com\/index.php\/terms-and-conditions-of-use-copy\/"},"modified":"2019-08-26T13:12:55","modified_gmt":"2019-08-26T05:12:55","slug":"termes-et-conditions-utilisation","status":"publish","type":"page","link":"https:\/\/www.mojielong.com\/index.php\/termes-et-conditions-utilisation\/","title":{"rendered":"Termes et conditions d&#8217;utilisation"},"content":{"rendered":"\t\t<div data-elementor-type=\"wp-post\" data-elementor-id=\"547\" class=\"elementor elementor-547\" data-elementor-settings=\"[]\">\n\t\t\t\t\t\t<div class=\"elementor-inner\">\n\t\t\t\t\t\t\t<div class=\"elementor-section-wrap\">\n\t\t\t\t\t\t\t<section class=\"elementor-section elementor-top-section elementor-element elementor-element-be59a28 elementor-section-boxed elementor-section-height-default elementor-section-height-default\" data-id=\"be59a28\" data-element_type=\"section\">\n\t\t\t\t\t\t<div class=\"elementor-container elementor-column-gap-default\">\n\t\t\t\t\t\t\t<div class=\"elementor-row\">\n\t\t\t\t\t<div class=\"elementor-column elementor-col-50 elementor-top-column elementor-element elementor-element-1650ff4\" data-id=\"1650ff4\" data-element_type=\"column\">\n\t\t\t<div class=\"elementor-column-wrap elementor-element-populated\">\n\t\t\t\t\t\t\t<div class=\"elementor-widget-wrap\">\n\t\t\t\t\t\t<div class=\"elementor-element elementor-element-bdbd2bd elementor-align-right elementor-widget elementor-widget-button\" data-id=\"bdbd2bd\" data-element_type=\"widget\" data-widget_type=\"button.default\">\n\t\t\t\t<div class=\"elementor-widget-container\">\n\t\t\t\t\t<div class=\"elementor-button-wrapper\">\n\t\t\t<a href=\"https:\/\/www.mojielong.com\/index.php\/terms-and-conditions-of-use\/\" class=\"elementor-button-link elementor-button elementor-size-sm\" role=\"button\">\n\t\t\t\t\t\t<span class=\"elementor-button-content-wrapper\">\n\t\t\t\t\t\t<span class=\"elementor-button-text\">English Version<\/span>\n\t\t<\/span>\n\t\t\t\t\t<\/a>\n\t\t<\/div>\n\t\t\t\t<\/div>\n\t\t\t\t<\/div>\n\t\t\t\t\t\t<\/div>\n\t\t\t\t\t<\/div>\n\t\t<\/div>\n\t\t\t\t<div class=\"elementor-column elementor-col-50 elementor-top-column elementor-element elementor-element-eb03514\" data-id=\"eb03514\" data-element_type=\"column\">\n\t\t\t<div class=\"elementor-column-wrap elementor-element-populated\">\n\t\t\t\t\t\t\t<div class=\"elementor-widget-wrap\">\n\t\t\t\t\t\t<div class=\"elementor-element elementor-element-e0a40fc elementor-align-left elementor-widget elementor-widget-button\" data-id=\"e0a40fc\" data-element_type=\"widget\" data-widget_type=\"button.default\">\n\t\t\t\t<div class=\"elementor-widget-container\">\n\t\t\t\t\t<div class=\"elementor-button-wrapper\">\n\t\t\t<a href=\"https:\/\/www.mojielong.com\/index.php\/terms-and-conditions-of-use-copy-cn\/\" class=\"elementor-button-link elementor-button elementor-size-sm\" role=\"button\">\n\t\t\t\t\t\t<span class=\"elementor-button-content-wrapper\">\n\t\t\t\t\t\t<span class=\"elementor-button-text\">\u4e2d\u6587\u7248<\/span>\n\t\t<\/span>\n\t\t\t\t\t<\/a>\n\t\t<\/div>\n\t\t\t\t<\/div>\n\t\t\t\t<\/div>\n\t\t\t\t\t\t<\/div>\n\t\t\t\t\t<\/div>\n\t\t<\/div>\n\t\t\t\t\t\t\t\t<\/div>\n\t\t\t\t\t<\/div>\n\t\t<\/section>\n\t\t\t\t<section class=\"elementor-section elementor-top-section elementor-element elementor-element-31b4221 elementor-section-boxed elementor-section-height-default elementor-section-height-default\" data-id=\"31b4221\" data-element_type=\"section\">\n\t\t\t\t\t\t<div class=\"elementor-container elementor-column-gap-default\">\n\t\t\t\t\t\t\t<div class=\"elementor-row\">\n\t\t\t\t\t<div class=\"elementor-column elementor-col-50 elementor-top-column elementor-element elementor-element-5ea6981\" data-id=\"5ea6981\" data-element_type=\"column\">\n\t\t\t<div class=\"elementor-column-wrap elementor-element-populated\">\n\t\t\t\t\t\t\t<div class=\"elementor-widget-wrap\">\n\t\t\t\t\t\t<div class=\"elementor-element elementor-element-fbf2935 elementor-widget elementor-widget-text-editor\" data-id=\"fbf2935\" data-element_type=\"widget\" data-widget_type=\"text-editor.default\">\n\t\t\t\t<div class=\"elementor-widget-container\">\n\t\t\t\t\t<div class=\"elementor-text-editor elementor-clearfix\"><p><b>Taxes et TVA <\/b><br \/>Le montant indiqu\u00e9 comme \u00e9tant \u00e0 payer \u00e0 MOJIELONG (le \u00abPrix\u00bb) dans cette offre \/ proposition \/ offre \/ facture comprend les taxes, droits et taxes gouvernementaux existants impos\u00e9s ou per\u00e7us en Chine dans le cadre de la fourniture des Produits ou des Services. Le Client sera redevable de toutes taxes, droits ou charges nouveaux impos\u00e9s \u00e0 la suite de ce document en ce qui concerne la fourniture de Produits ou de Services, sauf indication contraire, <br \/><b>Fourniture<\/b> <br \/>Mojielong International Trading (\u00abMOJIELONG\u00bb) accepte de fournir des produits (les \u00abproduits\u00bb) et \/ ou des services (les \u00abservices\u00bb) au client selon les pr\u00e9sentes conditions g\u00e9n\u00e9rales (les \u00abconditions\u00bb). Tous les produits et services sont fournis dans les pr\u00e9sentes conditions. <br \/><b>Ordres d&#8217;achat <br \/><\/b>Les commandes d&#8217;achat de produits ou de services constitueront une offre du client et ne pourront \u00eatre accept\u00e9es par MOJIELONG que par \u00e9crit. Toute modification des commandes d&#8217;achat de produits ou de services pr\u00e9c\u00e9demment accept\u00e9s par MOJIELONG doit \u00eatre approuv\u00e9e par MOJIELONG par \u00e9crit. <br \/><b>Paiement <\/b><br \/>Les modalit\u00e9s de paiement peuvent varier de 0 \u00e0 30 jours sous r\u00e9serve d&#8217;une approbation de cr\u00e9dit. Une fois approuv\u00e9e, la dur\u00e9e de paiement est strictement \u00e0 partir de la date de la note de d\u00e9bit ou plus t\u00f4t si sp\u00e9cifi\u00e9e sur la facture tous les paiements effectu\u00e9s par le Client \u00e0 MOJIELONG doivent \u00eatre exempts de toute annulation, demande reconventionnelle ou toute d\u00e9duction. Le Client convient que tous les frais et d\u00e9penses engag\u00e9s par MOJIELONG pour recouvrer les sommes dues par le Client, y compris les frais juridiques (sur une base avocat\/client), les frais de recouvrement et les frais d&#8217;agent de recherche seront pay\u00e9s par le Client. Tous les paiements effectu\u00e9s par le Client seront allou\u00e9s d&#8217;une part, \u00e0 ces co\u00fbts et d\u00e9penses, d&#8217;autre part, aux int\u00e9r\u00eats et, troisi\u00e8mement, au prix des Produits ou Services. <br \/><b>Int\u00e9r\u00eats <\/b><br \/>Le Client reconna\u00eet que tout montant non pay\u00e9 \u00e0 la date d&#8217;\u00e9ch\u00e9ance du paiement portera int\u00e9r\u00eat \u00e0 compter de cette date jusqu&#8217;au paiement complet au taux additionnel de 2 % du taux de d\u00e9couvert imput\u00e9 sur les comptes \u00e0 d\u00e9couvert. Tous les ch\u00e8ques refus\u00e9s entra\u00eeneront des frais suppl\u00e9mentaires autres que les frais bancaires habituels et doivent \u00eatre pay\u00e9s par le Client. <br \/><b>Livraison <\/b><br \/>MOJIELONG d\u00e9ploiera des efforts raisonnables pour livrer des produits ou des services au client \u00e0 la date convenue pendant les heures normales de travail du ce-dernier, mais ne saurait \u00eatre tenu responsable des retards dans la livraison caus\u00e9s par des questions ind\u00e9pendantes de sa volont\u00e9. Le d\u00e9lai de livraison des produits ou des services par MOJIELONG ne sera pas essentiel. <br \/><b>Diff\u00e9rends <\/b><br \/>Lorsque l&#8217;acheteur a un diff\u00e9rend concernant la facture du produit et\/ou des services achet\u00e9s, l&#8217;acheteur doit communiquer avec le vendeur et d\u00e9tailler le diff\u00e9rend par \u00e9crit et fournir toutes les informations pertinentes dans les 2 mois suivant la date d&#8217;achat, \u00e0 d\u00e9faut de laquelle les droits juridiques connexes de l&#8217;acheteur expireront, toute r\u00e9clamation \u00e9crite produite par l&#8217;Acheteur sur la p\u00e9riode sp\u00e9cifi\u00e9e ne peut pas \u00eatre utilis\u00e9e comme une d\u00e9fense du montant et de l&#8217;heure de paiement. Si un retour, un remboursement ou une remise de produit et\/ou de services est approuv\u00e9 par le vendeur, l&#8217;acheteur doit fournir au vendeur le document de la d\u00e9claration, du remboursement ou de l&#8217;escompte \u00e9mis par l&#8217;agent des imp\u00f4ts autoris\u00e9 du vendeur. L&#8217;acheteur est responsable de toutes les pertes fiscales connexes si le litige am\u00e8ne le vendeur \u00e0 retarder l&#8217;\u00e9mission de la facture de cr\u00e9dit de TVA. Le vendeur a le droit de mettre fin \u00e0 la d\u00e9claration, au remboursement ou \u00e0 la remise approuv\u00e9e de la facture contest\u00e9e. Si le diff\u00e9rend ne peut \u00eatre r\u00e9gl\u00e9 \u00e0 la satisfaction de chaque partie, l&#8217;une ou l&#8217;autre des parties peut mettre fin \u00e0 la n\u00e9gociation. Il sera d\u00e9raisonnable pour l&#8217;acheteur de refuser de payer la facture contest\u00e9e ou de retarder les modalit\u00e9s de paiement de la facture. <br \/><b>Risque et Assurance <br \/><\/b>Le risque de perte, de vol, de dommage, de d\u00e9t\u00e9rioration ou de destruction de produits sont transf\u00e9r\u00e9s au client \u00e0 la premi\u00e8re des \u00e9ventualit\u00e9s suivantes:: <br \/>a) Livraison au client <br \/>b) La prise de possession par le Client; et <br \/>c) La livraison \u00e0 tout transporteur (qui sera consid\u00e9r\u00e9 comme l&#8217;agent du client) pour la livraison au client <br \/>Le Client doit assurer les produits en tout temps aupr\u00e8s d&#8217;un assureur de bonne r\u00e9putation pour leur co\u00fbt de remplacement int\u00e9gral et souscrire toute autre assurance lorsque MOJIELONG l&#8217;exige de mani\u00e8re raisonnable. <br \/><b>Propri\u00e9t\u00e9 <\/b><br \/>Jusqu&#8217;\u00e0 ce que tous les produits fournis par MOJIELONG au Client et toutes les cr\u00e9ances, dettes ou sommes dues par le Client \u00e0 MOJIELONG aient \u00e9t\u00e9 int\u00e9gralement r\u00e9gl\u00e9es, les Produits resteront la propri\u00e9t\u00e9 de MOJIELONG. Le Client reconna\u00eet et accepte que, s\u2019il ne verse pas \u00e0 MOJIELONG la somme d\u2019argent due, MOJIELONG peut imm\u00e9diatement, sans pr\u00e9avis ni demande, entrer dans les locaux du Client et prendre possession des produits. Cette clause porte pr\u00e9judice \u00e0 tout autre droit que MOJIELONG a en vertu de ces Conditions ou autrement. <br \/><b>Confidentialit\u00e9 <\/b><br \/>MOJIELONG et le client conviennent de garder \u00e0 tout moment de mani\u00e8re strictement confidentielle les informations divulgu\u00e9es ou fournies par une partie \u00e0 l&#8217;autre. Dans cette clause, les \u00ab renseignements confidentiels \u00bb d\u00e9signent les renseignements sous quelque forme que ce soit qui ne sont pas du domaine public, mais qui n&#8217;incluent pas les renseignements qui sont d\u00e9j\u00e0 dans le domaine public au moment o\u00f9 ils sont divulgu\u00e9s ou qui font partie du domaine public autrement qu&#8217;en cons\u00e9quence d&#8217;une divulgation autoris\u00e9e par MOJIELONG ou le Client. <br \/><b>Propri\u00e9t\u00e9 intellectuelle <br \/><\/b>Le Client reconna\u00eet que tous les droits de propri\u00e9t\u00e9 intellectuelle d\u00e9coulant de la fourniture des Services par MOJIELONG (y compris les droits de propri\u00e9t\u00e9 intellectuelle dans tout logiciel \u00e9crit par ou pour le compte de MOJIELONG et toute d\u00e9couverte, invention, brevet ou conceptions) sont et resteront la propri\u00e9t\u00e9 de MOJIELONG. Le Client s&#8217;engage \u00e0 faire tout ce qui est n\u00e9cessaire, \u00e0 la demande de MOJIELONG, pour effectuer une cession inconditionnelle et irr\u00e9vocable de toute propri\u00e9t\u00e9 intellectuelle vis\u00e9e par cette clause. <br \/><b>R\u00e9siliation <\/b><br \/>Quand le client: <br \/>a) Fait d\u00e9faut dans tout paiement ou violation de l&#8217;une de ces Conditions; <br \/>b) devient incapable de payer ses dettes au fur et \u00e0 mesure qu&#8217;elles sont exigibles; ou : <br \/>c) commet un acte de faillite ou, en tant que soci\u00e9t\u00e9, entre en liquidation ou liquidation provisoire, qu&#8217;il soit obligatoire ou volontaire ou compos\u00e9 avec ses cr\u00e9anciers en g\u00e9n\u00e9ral ou qu&#8217;un gestionnaire ou administrateur s\u00e9questre ou s\u00e9questre soit nomm\u00e9 pour tout ou partie de ses actifs ou adopte une r\u00e9solution de liquidation ou une p\u00e9tition est pr\u00e9sent\u00e9e pour sa liquidation, <br \/>MOJIELONG peut, sans pr\u00e9judice, de ses droits ou recours en vertu de ces Conditions ou autrement par avis au Client : <br \/>a) Suspendre d&#8217;autres livraisons et exiger le paiement \u00e0 l&#8217;avance pour toutes ces livraisons; <br \/>b) Mettre fin \u00e0 tous les bons de commande ou \u00e0 tout autre des bons de commande de produits ou de services qui ont \u00e9t\u00e9 accept\u00e9s par MOJIELONG; <br \/>c) Demander le paiement imm\u00e9diat de toutes les sommes dues par le Client \u00e0 l&#8217;\u00e9gard de tous les produits et\/ou services qui seront imm\u00e9diatement exigibles et payables malgr\u00e9 la date d&#8217;\u00e9ch\u00e9ance ou les dates de paiement ou les conditions convenues par MOJIELONG; et\/ou <br \/>d) Continuer \u00e0 faire respecter ses droits et \u00e0 recouvrer aupr\u00e8s du Client de tels paiements et de tout autre montant d\u00fb au fur et \u00e0 mesure qu&#8217;ils sont exigibles. <br \/><b>Garantie et repr\u00e9sentation <br \/><\/b>Le Client reconna\u00eet que MOJIELONG n&#8217;a fait aucune garantie ou d\u00e9claration, expresse ou implicite, \u00e0 l&#8217;\u00e9gard des Produits ou des Services, y compris si elles conviennent \u00e0 un but particulier (si cette fin a \u00e9t\u00e9 faite \u00e0 la recherche de MOJIELONG ou non). <br \/><b>Responsabilit\u00e9 <\/b><br \/>Dans toute la mesure permise par la loi, les parties conviennent d&#8217;exclure toute condition qui serait autrement implicite dans ces Conditions par toute loi sur les pratiques commerciales, la responsabilit\u00e9 de MOJIELONG en cas de violation d&#8217;une condition ou d&#8217;une garantie implicite dans cette entente par la Loi est limit\u00e9e \u00e0 l&#8217;option de MOJIELONG: <br \/>a) Si le manquement concerne les produits, le remplacement des produits ou la fourniture de produits \u00e9quivalents, la r\u00e9paration des produits, le paiement du co\u00fbt de remplacement des produits ou l&#8217;acquisition de produits \u00e9quivalents ou le paiement du co\u00fbt de r\u00e9paration des Produits; et <br \/>b) Si le manquement se rapporte aux Services, la fourniture des Services \u00e0 nouveau ou au paiement du co\u00fbt de la fourniture des Services \u00e0 nouveau. MOJIELONG ne sera pas responsable envers le Client pour toute perte ou dommage (y compris, sans limitation, perte de b\u00e9n\u00e9fices, de revenus, de donn\u00e9es ou d&#8217;utilisation) d\u00e9coulant ou en relation avec la fourniture des Produits et\/ou Services, m\u00eame si MOJIELONG savait ou aurait d\u00fb conna\u00eetre la possibilit\u00e9 d&#8217;une telle perte ou dommage et si des dommages-int\u00e9r\u00eats sont r\u00e9clam\u00e9s en vertu contrat, d\u00e9lit ou loi. <br \/><b>Engagement du personnel <br \/><\/b>Le Client reconna\u00eet et accepte que lui-m\u00eame, ses filiales et ses agents, ne peuvent pas employer ou engager tout membre du personnel de MOJIELONG, que ce soit permanent, \u00e0 temps partiel ou en mission, dans les 12 mois suivant : <br \/>a) la cessation\/d\u00e9mission\/expiration du contrat de travail du personnel avec MOJIELONG; et\/ou <br \/>b) la r\u00e9siliation\/expiration de cet accord entre le Client et MOJIELONG. <br \/><b>Modifications <\/b><br \/>Toute modification \u00e0 ces Conditions doit \u00eatre \u00e9crite. <br \/>Tous les avis doivent \u00eatre r\u00e9dig\u00e9s par \u00e9crit et envoy\u00e9s par courrier recommand\u00e9, par courrier ou transmis par fac-simil\u00e9 \u00e0 l&#8217;adresse ou au num\u00e9ro fac-simil\u00e9 des parties respectives. Aucune cl\u00e9mence, indulgence ou prolongation de d\u00e9lai accord\u00e9e par MOJIELONG au Client ne portera pr\u00e9judice \u00e0 l&#8217;un ou l&#8217;autre des droits de MOJIELONG de quelque mani\u00e8re que ce soit ou ne constituera une renonciation aux droits de MOJIELONG. Si l&#8217;une ou l&#8217;autre de ces Conditions est d\u00e9clar\u00e9e ou devient inapplicable, invalide ou ill\u00e9gale, les conditions restantes resteront en vigueur.\u00a0<\/p><\/div>\n\t\t\t\t<\/div>\n\t\t\t\t<\/div>\n\t\t\t\t\t\t<\/div>\n\t\t\t\t\t<\/div>\n\t\t<\/div>\n\t\t\t\t<div class=\"elementor-column elementor-col-50 elementor-top-column elementor-element elementor-element-6317907\" data-id=\"6317907\" data-element_type=\"column\">\n\t\t\t<div class=\"elementor-column-wrap elementor-element-populated\">\n\t\t\t\t\t\t\t<div class=\"elementor-widget-wrap\">\n\t\t\t\t\t\t<div class=\"elementor-element elementor-element-5a956f2 elementor-widget elementor-widget-text-editor\" data-id=\"5a956f2\" data-element_type=\"widget\" data-widget_type=\"text-editor.default\">\n\t\t\t\t<div class=\"elementor-widget-container\">\n\t\t\t\t\t<div class=\"elementor-text-editor elementor-clearfix\"><p><b>Cas sp\u00e9cifique <br \/><\/b>Tous les appareils \u00e9lectroniques et \u00e9lectriques sont soumis \u00e0 une garantie fournie par le constructeur, Mojielong suit cette derni\u00e8re et n&#8217;ajoutera aucune garantie suppl\u00e9mentaire. La garantie couvrira l&#8217;utilisation normale de l&#8217;appareil, s&#8217;il est prouv\u00e9 que l&#8217;utilisation normale n&#8217;a pas \u00e9t\u00e9 suivie ou que l&#8217;appareil a \u00e9t\u00e9 intentionnellement ouvert ou modifi\u00e9, la garantie est annul\u00e9e et ne peut \u00eatre sous la responsabilit\u00e9 de Mojielong. Pour tous les appareils d\u00e9fectueux, ils seront \u00e9chang\u00e9s par le m\u00eame mod\u00e8le s&#8217;ils sont encore disponibles ou \u00e9quivalents et doivent \u00eatre retourn\u00e9s dans la bo\u00eete d&#8217;origine. <br \/>Les logiciels et les services informatiques ne sont pas couverts par un processus de garantie ou d&#8217;\u00e9change, ils doivent \u00eatre \u00e9valu\u00e9s consciencieusement avant l&#8217;achat, le client peut demander des conseils \u00e0 shop@mojielong.com. <br \/><br \/><b>V\u00eatements: <\/b><br \/>1. L&#8217;article n&#8217;est pas ce que le client a command\u00e9, un \u00e9change aura lieu, le client fournit la r\u00e9f\u00e9rence de paiement et une image de l&#8217;article re\u00e7u \u00e0 shop@mojielong.com <br \/>2. Le client a une (1) semaine pour annoncer s&#8217;il \/ elle veut \u00eatre rembours\u00e9 pour l&#8217;article, et doit prouver le retour de l&#8217;article, Mojielong remboursera le prix de l&#8217;article (frais de livraison sont d\u00e9j\u00e0 inclus dans le prix de l&#8217;article suivant la politique de la Mojielong, il n&#8217;y aura pas de remboursement des frais de livraison) <br \/>3. Mojielong fournit un tableau des tailles, le client doit le v\u00e9rifier avant de choisir des v\u00eatements pour s&#8217;assurer que sa taille est correcte, toute question peut \u00eatre adress\u00e9e \u00e0 shop@mojielong.com <br \/>4. En raison d&#8217;un but hygi\u00e9nique, tous les sous-v\u00eatements ne sont pas \u00e9chang\u00e9s. <br \/>5. Le retour de l&#8217;article doit se faire dans son emballage d&#8217;origine <br \/><br \/>Tous les autres articles: aucune garantie n&#8217;est disponible, le retour \/ remboursement suivent le m\u00eame processus que le point 2 et 5 dans les v\u00eatements. <br \/><br \/><b>Contact de la soci\u00e9t\u00e9: <br \/><\/b>Mojielong International Trading Co., Ltd <br \/>Appt. 701, b\u00e2timent 23, 568 Hangding Road <br \/>201316 Shanghai <br \/>P.R. Chine <br \/>T\u00e9l\u00e9phone: +86 139 1641 3794 <br \/>E-mail: info@mojielong.com\u00a0<\/p><\/div>\n\t\t\t\t<\/div>\n\t\t\t\t<\/div>\n\t\t\t\t\t\t<\/div>\n\t\t\t\t\t<\/div>\n\t\t<\/div>\n\t\t\t\t\t\t\t\t<\/div>\n\t\t\t\t\t<\/div>\n\t\t<\/section>\n\t\t\t\t\t\t<\/div>\n\t\t\t\t\t\t<\/div>\n\t\t\t\t\t<\/div>\n\t\t","protected":false},"excerpt":{"rendered":"<p>English Version \u4e2d\u6587\u7248 Taxes et TVA Le montant indiqu\u00e9 comme \u00e9tant \u00e0 payer \u00e0 MOJIELONG (le \u00abPrix\u00bb) dans cette offre [&hellip;]<\/p>\n","protected":false},"author":1,"featured_media":0,"parent":0,"menu_order":0,"comment_status":"closed","ping_status":"closed","template":"page-templates\/template_fullwidth.php","meta":[],"yoast_head":"<!-- This site is optimized with the Yoast SEO plugin v15.8 - https:\/\/yoast.com\/wordpress\/plugins\/seo\/ -->\n<title>Termes et conditions d&#039;utilisation - Mojielong International Group<\/title>\n<meta name=\"robots\" content=\"index, follow, max-snippet:-1, max-image-preview:large, max-video-preview:-1\" \/>\n<link rel=\"canonical\" href=\"https:\/\/www.mojielong.com\/index.php\/termes-et-conditions-utilisation\/\" \/>\n<meta property=\"og:locale\" content=\"en_US\" \/>\n<meta property=\"og:type\" content=\"article\" \/>\n<meta property=\"og:title\" content=\"Termes et conditions d&#039;utilisation - Mojielong International Group\" \/>\n<meta property=\"og:description\" content=\"English Version \u4e2d\u6587\u7248 Taxes et TVA Le montant indiqu\u00e9 comme \u00e9tant \u00e0 payer \u00e0 MOJIELONG (le \u00abPrix\u00bb) dans cette offre [&hellip;]\" \/>\n<meta property=\"og:url\" content=\"https:\/\/www.mojielong.com\/index.php\/termes-et-conditions-utilisation\/\" \/>\n<meta property=\"og:site_name\" content=\"Mojielong International Group\" \/>\n<meta property=\"article:modified_time\" content=\"2019-08-26T05:12:55+00:00\" \/>\n<meta name=\"twitter:card\" content=\"summary_large_image\" \/>\n<meta name=\"twitter:label1\" content=\"Est. reading time\">\n\t<meta name=\"twitter:data1\" content=\"10 minutes\">\n<script type=\"application\/ld+json\" class=\"yoast-schema-graph\">{\"@context\":\"https:\/\/schema.org\",\"@graph\":[{\"@type\":\"Organization\",\"@id\":\"https:\/\/www.mojielong.com\/#organization\",\"name\":\"Mojielong International Group\",\"url\":\"https:\/\/www.mojielong.com\/\",\"sameAs\":[],\"logo\":{\"@type\":\"ImageObject\",\"@id\":\"https:\/\/www.mojielong.com\/#logo\",\"inLanguage\":\"en-US\",\"url\":\"\",\"caption\":\"Mojielong International Group\"},\"image\":{\"@id\":\"https:\/\/www.mojielong.com\/#logo\"}},{\"@type\":\"WebSite\",\"@id\":\"https:\/\/www.mojielong.com\/#website\",\"url\":\"https:\/\/www.mojielong.com\/\",\"name\":\"Mojielong International Group\",\"description\":\"Your Helping Hand\",\"publisher\":{\"@id\":\"https:\/\/www.mojielong.com\/#organization\"},\"potentialAction\":[{\"@type\":\"SearchAction\",\"target\":\"https:\/\/www.mojielong.com\/?s={search_term_string}\",\"query-input\":\"required name=search_term_string\"}],\"inLanguage\":\"en-US\"},{\"@type\":\"WebPage\",\"@id\":\"https:\/\/www.mojielong.com\/index.php\/termes-et-conditions-utilisation\/#webpage\",\"url\":\"https:\/\/www.mojielong.com\/index.php\/termes-et-conditions-utilisation\/\",\"name\":\"Termes et conditions d'utilisation - Mojielong International Group\",\"isPartOf\":{\"@id\":\"https:\/\/www.mojielong.com\/#website\"},\"datePublished\":\"2019-08-25T13:16:23+00:00\",\"dateModified\":\"2019-08-26T05:12:55+00:00\",\"breadcrumb\":{\"@id\":\"https:\/\/www.mojielong.com\/index.php\/termes-et-conditions-utilisation\/#breadcrumb\"},\"inLanguage\":\"en-US\",\"potentialAction\":[{\"@type\":\"ReadAction\",\"target\":[\"https:\/\/www.mojielong.com\/index.php\/termes-et-conditions-utilisation\/\"]}]},{\"@type\":\"BreadcrumbList\",\"@id\":\"https:\/\/www.mojielong.com\/index.php\/termes-et-conditions-utilisation\/#breadcrumb\",\"itemListElement\":[{\"@type\":\"ListItem\",\"position\":1,\"item\":{\"@type\":\"WebPage\",\"@id\":\"https:\/\/www.mojielong.com\/\",\"url\":\"https:\/\/www.mojielong.com\/\",\"name\":\"Home\"}},{\"@type\":\"ListItem\",\"position\":2,\"item\":{\"@type\":\"WebPage\",\"@id\":\"https:\/\/www.mojielong.com\/index.php\/termes-et-conditions-utilisation\/\",\"url\":\"https:\/\/www.mojielong.com\/index.php\/termes-et-conditions-utilisation\/\",\"name\":\"Termes et conditions d&#8217;utilisation\"}}]}]}<\/script>\n<!-- \/ Yoast SEO plugin. -->","_links":{"self":[{"href":"https:\/\/www.mojielong.com\/index.php\/wp-json\/wp\/v2\/pages\/547"}],"collection":[{"href":"https:\/\/www.mojielong.com\/index.php\/wp-json\/wp\/v2\/pages"}],"about":[{"href":"https:\/\/www.mojielong.com\/index.php\/wp-json\/wp\/v2\/types\/page"}],"author":[{"embeddable":true,"href":"https:\/\/www.mojielong.com\/index.php\/wp-json\/wp\/v2\/users\/1"}],"replies":[{"embeddable":true,"href":"https:\/\/www.mojielong.com\/index.php\/wp-json\/wp\/v2\/comments?post=547"}],"version-history":[{"count":1,"href":"https:\/\/www.mojielong.com\/index.php\/wp-json\/wp\/v2\/pages\/547\/revisions"}],"predecessor-version":[{"id":1076,"href":"https:\/\/www.mojielong.com\/index.php\/wp-json\/wp\/v2\/pages\/547\/revisions\/1076"}],"wp:attachment":[{"href":"https:\/\/www.mojielong.com\/index.php\/wp-json\/wp\/v2\/media?parent=547"}],"curies":[{"name":"wp","href":"https:\/\/api.w.org\/{rel}","templated":true}]}}